to base 9
176211
What is -94d6 (base 15) in base 11?
-21715
-331254555 (base 6) to base 4
-112230100013
What is 10102010212110 (base 3) in base 7?
21262425
What is -1101101000101 (base 2) in base 14?
-2789
Convert 352733 (base 9) to base 10.
212007
What is -746a08 (base 12) in base 2?
-111000000011000101000
-15a9aa (base 12) to base 9
-625184
What is -562242 (base 9) in base 6?
-11112445
-211123002 (base 4) to base 14
-3dc0a
1254124 (base 8) to base 9
583453
What is 72304 (base 13) in base 11?
12a991
Convert 29345 (base 14) to base 10.
102177
What is 1101110100111000111 (base 2) in base 10?
453063
16281e4 (base 15) to base 7
253432351
36416534 (base 7) to base 2
1100011001000101100000
Convert -4233041442 (base 5) to base 11.
-5013a8a
-1100213 (base 5) to base 14
-6bd6
What is -4162c (base 16) in base 10?
-267820
954029 (base 10) to base 11
5a185a
-1111011110011011100 (base 2) to base 5
-112211400
-49973a6 (base 11) to base 12
-2aa5698
Convert 1ab90e (base 15) to base 7.
14043023
What is 2243131330 (base 5) in base 13?
107b704
What is 120040 (base 9) in base 12?
35953
Convert 1422333023 (base 5) to base 2.
1110001010111011001011
-20666a (base 12) to base 10
-508978
2dc12b (base 15) to base 11
1285168
Convert -103d710 (base 14) to base 11.
-4377533
Convert 624714 (base 12) to base 16.
178900
a5b72 (base 15) to base 8
2002613
What is -33408066 (base 9) in base 11?
-91552a6
Convert -1528a5 (base 14) to base 13.
-1ca675
Convert b0ee (base 16) to base 4.
23003232
Convert 12237326 (base 8) to base 2.
1010010011111011010110
What is 1830b41 (base 13) in base 9?
15746751
What is -2242a (base 15) in base 7?
-632416
1010020211120 (base 3) to base 11
37742a
Convert 101101100110101110011 (base 2) to base 16.
16cd73
What is -2020222120 (base 3) in base 13?
-1730a
200111110200020 (base 3) to base 9
20443606
Convert -12141132 (base 5) to base 14.
-2dd83
-225121305 (base 6) to base 7
-50246156
c0200c (base 14) to base 15
878d5d
What is -11000010101001011 (base 2) in base 9?
-161632
What is 4034034 (base 6) in base 5?
22111043
What is -14782 (base 13) in base 9?
-58001
What is -234314535 (base 6) in base 11?
-2543353
-3b4bd (base 15) to base 2
-101110011001111110
1646a69 (base 13) to base 11
4067300
What is -2174367 (base 11) in base 5?
-1433444140
Convert 1536521 (base 7) to base 2.
110011100100000101
Convert -225304434 (base 7) to base 10.
-13816947
Convert -110221202112 (base 3) to base 5.
-31124400
13320311 (base 5) to base 6
2524134
Convert 2a63170 (base 11) to base 8.
24005345
-2331340 (base 6) to base 5
-12332001
What is -11d5e9 (base 15) in base 13?
-23c361
2287713 (base 9) to base 15
197250
What is -3c79 (base 14) in base 7?
-43112
What is -487491 (base 10) in base 9?
-822636
-110001101000000110 (base 2) to base 13
-716a2
Convert -121202020210 (base 3) to base 16.
-507db
6d1d (base 16) to base 3
1102022120
What is 1143040 (base 5) in base 11?
15298
What is 100000010110110010010110 (base 2) in base 10?
8481942
Convert -43260137 (base 8) to base 4.
-203112001133
What is 1597d4 (base 14) in base 2?
10111000100110111110
Convert -272173 (base 14) to base 13.
-383829
Convert -21421310 (base 5) to base 3.
-100102220121
What is -104287 (base 9) in base 13?
-22411
What is 52510 (base 13) in base 11?
a1268
Convert -acfa (base 16) to base 3.
-2020202002
Convert -10010110101010 (base 2) to base 8.
-22652
Convert 257457 (base 8) to base 12.
4403b
What is -111010010111010 (base 2) in base 6?
-350202
-3273566 (base 8) to base 7
-10334014
369a2 (base 15) to base 4
222203132
What is -35b202 (base 15) in base 14?
-4ac239
-3157521 (base 8) to base 7
-10112323
What is 3010100014 (base 5) in base 4?
112222112122
Convert 533105 (base 8) to base 12.
86a31
5044a (base 11) to base 12
36813
Convert -1916c76 (base 14) to base 6.
-1122205424
Convert -2a69 (base 15) to base 10.
-9099
What is -174605 (base 10) in base 13?
-61622
What is 358727 (base 14) in base 16?
1be82f
4254212 (base 11) to base 15
9cd620
2334345 (base 8) to base 13
194021
What is d47a08 (base 15) in base 13?
21283ac
What is -ac6088 (base 15) in base 7?
-126611522
-22aaca (base 14) to base 16
-12096a
What is 11000001110110101 (base 2) in base 4?
120032311
What is 2710558 (base 10) in base 16?
295c1e
Convert -318a6 (base 12) to base 4.
-33322332
3907c (base 14) to base 12
69072
What is -312203200 (base 4) in base 14?
-5b612
What is -48a652 (base 14) in base 15?
-341eac
Convert -10316163 (base 7) to base 14.
-18c233
What is 12480 (base 9) in base 3?
102112200
What is 25020166 (base 7) in base 14?
4245a6
4206355 (base 8) to base 13
3017c6
-110222312 (base 4) to base 11
-58676
-544760 (base 10) to base 14
-102756
-6632634 (base 7) to base 6
-25244520
What is 50706 (base 10) in base 8?
143022
Convert -1431214111 (base 5) to base 16.
-399267
What is 10a0d (base 16) in base 11?
47198
Convert -3494085 (base 10) to base 2.
-1101010101000011000101
Convert 41432001 (base 5) to base 10.
342751
What is -52603 (base 11) in base 6?
-1350340
-2003403124 (base 5) to base 2
-1111001000010001010111
2223113 (base 6) to base 9
180750
Convert 10350314 (base 6) to base 3.
120202001101
Convert -2596a6 (base 14) to base 4.
-10323312302
Convert 968897 (base 11) to base 14.
2c472b
-3224403 (base 5) to base 12
-27996
-1100342010 (base 5) to base 9
-4380584
20323 (base 15) to base 10
101958
What is -93631 (base 10) in base 13?
-33805
23215524 (base 6) to base 8
2572214
Convert -612016 (base 8) to base 7.
-1500112
Convert -122264454 (base 7) to base 5.
-3432244222
Convert 1101110010111001 (base 2) to base 5.
3302010
-4e059f (base 16) to base 15
-6b0082
Convert -11100000010110110 (base 2) to base 3.
-12211120110
-1011112202 (base 3) to base 10
-22997
Convert 192627 (base 12) to base 9.
740264
What is -1084ab (base 15) in base 11?
-498681
1b15899 (base 14) to base 10
13499439
-2244035 (base 6) to base 8
-340367
110331302 (base 4) to base 11
59578
What is 12212131303 (base 4) in base 16?
1a6773
What is 11001110101001111110 (base 2) in base 8?
3165176
-3795a (base 12) to base 6
-1342154
109863 (base 12) to base 14
6cb23
212221230 (base 4) to base 9
261146
What is -201bad (base 14) in base 13?
-2bab8b
What is -915815 (base 11) in base 3?
-2202202211212
-280432 (base 11) to base 2
-1101011010111000101
What is 10111001001000010000 (base 2) in base 8?
2711020
-6615122 (base 7) to base 3
-1112012100222
What is -3440235 (base 6) in base 10?
-176351
What is -8785282 (base 10) in base 2?
-100001100000110110000010
Convert -185a8 (base 16) to base 5.
-11143002
What is -101000100100001101 (base 2) in base 16?
-2890d
What is -11122000212102 (base 3) in base 14?
-480c23
Convert -2312100202 (base 4) to base 3.
-1101221001021
What is 1542143 (base 6) in base 5?
10404330
What is 34626322 (base 7) in base 13?
829ac5
3c26c (base 15) to base 11
121a49
What is -2c089a (base 14) in base 2?
-101110111100100101000
Convert -2121432333 (base 5) to base 4.
-101012212030
Convert 111101101101011 (base 2) to base 7.
161054
Convert 1643964 (base 11) to base 9.
5240040
Convert 95570 (base 16) to base 12.
255ba8
Convert -18249a7 (base 13) to base 5.
-4003132341
-3717460 (base 11) to base 8
-30525764
-10313415 (base 7) to base 2
-11010110010000100010
41052543 (base 7) to base 16
344214
-182843 (base 9) to base 13
-3c98a
What is -1b352 (base 16) in base 11?
-76801
What is 840405 (base 9) in base 15?
9cc95
Convert -11010011000101001 (base 2) to base 10.
-108073
10224451 (base 6) to base 5
34032434
What is -2247409 (base 10) in base 9?
-4204771
-3282 (base 10) to base 2
-110011010010
-12852 (base 15) to base 6
-1134152
What is -34255064 (base 7) in base 8?
-13315075
253485 (base 13) to base 11
55a827
133311333 (base 4) to base 10
130431
What is 750528 (base 12) in base 4?
13002233300
Convert -30215 (base 13) to base 15.
-1a75e
What is -563436 (base 12) in base 9?
-2524256
What is 127a11 (base 15) in base 8?
3303364
What is -15132511 (base 6) in base 15?
-a5a84
Convert -110100011100101000 (base 2) to base 7.
-1553211
Convert 224240 (base 5) to base 6.
101210
What is 21962 (base 13) in base 3?
10002120022
What is -25548 (base 13) in base 7?
-405126
What is -1ba8759 (base 13) in base 6?
-525304123
What is 981487 (base 10) in base 12?
3b3ba7
Convert 142660 (base 11) to base 6.
4440